{"id":85,"date":"2022-01-09T13:02:40","date_gmt":"2022-01-09T12:02:40","guid":{"rendered":"http:\/\/511707304.swh.strato-hosting.eu\/www\/?page_id=12"},"modified":"2023-06-02T14:42:39","modified_gmt":"2023-06-02T12:42:39","slug":"ueber-uns","status":"publish","type":"page","link":"https:\/\/selbsthilfedrei.de\/?page_id=85","title":{"rendered":"\u00dcber uns"},"content":{"rendered":"\n<p>Wir sind ein freiwilliger und unabh\u00e4ngiger Zusammenschluss von Menschen aus s\u00e4chsischen Selbsthilfegruppen im psychosozialen Bereich. Gemeinsam machen wir uns auf dem Weg zur Akzeptanz von Krisen als nat\u00fcrliche Bestandteile des Lebens, und als M\u00f6glichkeit zur Reifung und Heilung. Wir sind auf der Suche nach hilfreichen Alternativen zur Psychiatrie.<\/p>\n\n\n\n<p>Wir wollen, dass die verfassungsm\u00e4\u00dfig garantierten Grundrechte auf den Schutz der Menschenw\u00fcrde \u00fcberall Geltung haben. Auch in Psychiatrischen Kliniken. Und wir wollen, dass unsere Erfahrungen geachtet, anerkannt und ber\u00fccksichtigt werden. Auch in Forschung und Politik. Gemeinsam wollen wir die regionale Selbsthilfearbeit weiter f\u00f6rdern und vernetzen.<\/p>\n\n\n\n<h3 class=\"wp-block-heading\">Deshalb<\/h3>\n\n\n\n<ul class=\"wp-block-list\" id=\"block-026865dd-9183-4b3f-9b4a-716c5e24941a\">\n<li>Beteiligen wir uns an der Organisation von Trialogen um den gleichberechtigten, ergebnisoffenen Austausch zwischen Betroffenen, Angeh\u00f6rigen und professionellen Helfern zu f\u00f6rdern<\/li>\n\n\n\n<li>Betreuen Infost\u00e4nde bei Veranstaltungen mit psychosozialer Thematik<\/li>\n\n\n\n<li>Nehmen aktiv als Betroffenenvertreter bei Veranstaltungen und an Gremien teil<\/li>\n<\/ul>\n\n\n\n<p><\/p>\n","protected":false},"excerpt":{"rendered":"<p>Wir sind ein freiwilliger und unabh\u00e4ngiger Zusammenschluss von Menschen aus s\u00e4chsischen Selbsthilfegruppen im psychosozialen Bereich. Gemeinsam machen wir uns auf dem Weg zur Akzeptanz von Krisen als nat\u00fcrliche Bestandteile des [&hellip;]<\/p>\n","protected":false},"author":1,"featured_media":0,"parent":0,"menu_order":0,"comment_status":"closed","ping_status":"closed","template":"","meta":{"footnotes":""},"class_list":["post-85","page","type-page","status-publish","hentry"],"blocksy_meta":{"styles_descriptor":{"styles":{"desktop":"","tablet":"","mobile":""},"google_fonts":[],"version":6}},"_links":{"self":[{"href":"https:\/\/selbsthilfedrei.de\/index.php?rest_route=\/wp\/v2\/pages\/85","targetHints":{"allow":["GET"]}}],"collection":[{"href":"https:\/\/selbsthilfedrei.de\/index.php?rest_route=\/wp\/v2\/pages"}],"about":[{"href":"https:\/\/selbsthilfedrei.de\/index.php?rest_route=\/wp\/v2\/types\/page"}],"author":[{"embeddable":true,"href":"https:\/\/selbsthilfedrei.de\/index.php?rest_route=\/wp\/v2\/users\/1"}],"replies":[{"embeddable":true,"href":"https:\/\/selbsthilfedrei.de\/index.php?rest_route=%2Fwp%2Fv2%2Fcomments&post=85"}],"version-history":[{"count":2,"href":"https:\/\/selbsthilfedrei.de\/index.php?rest_route=\/wp\/v2\/pages\/85\/revisions"}],"predecessor-version":[{"id":256,"href":"https:\/\/selbsthilfedrei.de\/index.php?rest_route=\/wp\/v2\/pages\/85\/revisions\/256"}],"wp:attachment":[{"href":"https:\/\/selbsthilfedrei.de\/index.php?rest_route=%2Fwp%2Fv2%2Fmedia&parent=85"}],"curies":[{"name":"wp","href":"https:\/\/api.w.org\/{rel}","templated":true}]}}