{"id":175,"date":"2023-02-11T15:24:28","date_gmt":"2023-02-11T14:24:28","guid":{"rendered":"https:\/\/selbsthilfedrei.de\/?post_type=tribe_events&#038;p=175"},"modified":"2023-02-14T14:56:09","modified_gmt":"2023-02-14T13:56:09","slug":"dresdner-trialog-verlust-trauer-angst","status":"publish","type":"tribe_events","link":"https:\/\/selbsthilfedrei.de\/?tribe_events=dresdner-trialog-verlust-trauer-angst","title":{"rendered":"Dresdner Trialog: &#8222;Verlust \u2013 Trauer \u2013 Angst&#8220;"},"content":{"rendered":"<p><a href=\"http:\/\/selbsthilfedrei.de\/wp-content\/uploads\/2023\/02\/Trialogflyer-Sommer-2023-1-e1676382593478.png\"><img loading=\"lazy\" decoding=\"async\" class=\"alignright wp-image-188\" src=\"http:\/\/selbsthilfedrei.de\/wp-content\/uploads\/2023\/02\/Trialogflyer-Sommer-2023-1-e1676382593478-1024x1014.png\" alt=\"Flyer Trialog\" width=\"294\" height=\"291\" srcset=\"https:\/\/selbsthilfedrei.de\/wp-content\/uploads\/2023\/02\/Trialogflyer-Sommer-2023-1-e1676382593478-1024x1014.png 1024w, https:\/\/selbsthilfedrei.de\/wp-content\/uploads\/2023\/02\/Trialogflyer-Sommer-2023-1-e1676382593478-300x297.png 300w, https:\/\/selbsthilfedrei.de\/wp-content\/uploads\/2023\/02\/Trialogflyer-Sommer-2023-1-e1676382593478-768x760.png 768w, https:\/\/selbsthilfedrei.de\/wp-content\/uploads\/2023\/02\/Trialogflyer-Sommer-2023-1-e1676382593478.png 1500w\" sizes=\"auto, (max-width: 294px) 100vw, 294px\" \/><\/a>Am Trialog sind Menschen beteiligt, die mit einer psychischen Krise oder Erkrankung bzw. einer<br \/>\npsychiatrischen Behandlung Erfahrung haben. Das k\u00f6nnen Betroffene, Angeh\u00f6rige und professionelle Helfende sein. Sie kommen zusammen, um einander zuzuh\u00f6ren, miteinander zu sprechen und voneinander zu lernen.<\/p>\n<p>Herzlich eingeladen sind alle Interessierten.<\/p>\n<p><span id=\"page1R_mcid47\" class=\"markedContent\"><span dir=\"ltr\" role=\"presentation\">F\u00fcr die Teilnahme am Trialog ist keine Anmeldung <\/span><\/span><span id=\"page1R_mcid48\" class=\"markedContent\"><span dir=\"ltr\" role=\"presentation\">erforderlich. Die Veranstaltung ist kostenfrei.<\/span><\/span><span id=\"page1R_mcid49\" class=\"markedContent\"><br role=\"presentation\" \/><span dir=\"ltr\" role=\"presentation\">Teilnahme erst ab 18 Jahren. Die Trialoge des <\/span><\/span><span id=\"page1R_mcid50\" class=\"markedContent\"><span dir=\"ltr\" role=\"presentation\">Winterhalbjahrs beginnen am 27. September 2023.<\/span><\/span><\/p>\n<p>Flyer:<br \/>\n<a href=\"http:\/\/selbsthilfedrei.de\/wp-content\/uploads\/2023\/02\/Trialogflyer-Sommer-2023.pdf\">Trialogflyer Sommer 2023<\/a><\/p>\n","protected":false},"excerpt":{"rendered":"<p>Am Trialog sind Menschen beteiligt, die mit einer psychischen Krise oder Erkrankung bzw. einer psychiatrischen Behandlung Erfahrung haben. Das k\u00f6nnen Betroffene, Angeh\u00f6rige und professionelle Helfende sein. Sie kommen zusammen, um [&hellip;]<\/p>\n","protected":false},"author":1,"featured_media":0,"template":"","meta":{"_tribe_events_status":"","_tribe_events_status_reason":"","footnotes":""},"tags":[],"tribe_events_cat":[],"class_list":["post-175","tribe_events","type-tribe_events","status-publish","hentry"],"blocksy_meta":{"styles_descriptor":{"styles":{"desktop":"","tablet":"","mobile":""},"google_fonts":[],"version":6}},"_links":{"self":[{"href":"https:\/\/selbsthilfedrei.de\/index.php?rest_route=\/wp\/v2\/tribe_events\/175","targetHints":{"allow":["GET"]}}],"collection":[{"href":"https:\/\/selbsthilfedrei.de\/index.php?rest_route=\/wp\/v2\/tribe_events"}],"about":[{"href":"https:\/\/selbsthilfedrei.de\/index.php?rest_route=\/wp\/v2\/types\/tribe_events"}],"author":[{"embeddable":true,"href":"https:\/\/selbsthilfedrei.de\/index.php?rest_route=\/wp\/v2\/users\/1"}],"version-history":[{"count":2,"href":"https:\/\/selbsthilfedrei.de\/index.php?rest_route=\/wp\/v2\/tribe_events\/175\/revisions"}],"predecessor-version":[{"id":194,"href":"https:\/\/selbsthilfedrei.de\/index.php?rest_route=\/wp\/v2\/tribe_events\/175\/revisions\/194"}],"wp:attachment":[{"href":"https:\/\/selbsthilfedrei.de\/index.php?rest_route=%2Fwp%2Fv2%2Fmedia&parent=175"}],"wp:term":[{"taxonomy":"post_tag","embeddable":true,"href":"https:\/\/selbsthilfedrei.de\/index.php?rest_route=%2Fwp%2Fv2%2Ftags&post=175"},{"taxonomy":"tribe_events_cat","embeddable":true,"href":"https:\/\/selbsthilfedrei.de\/index.php?rest_route=%2Fwp%2Fv2%2Ftribe_events_cat&post=175"}],"curies":[{"name":"wp","href":"https:\/\/api.w.org\/{rel}","templated":true}]}}

<p><a href="http://selbsthilfedrei.de/wp-content/uploads/2023/02/Trialogflyer-Sommer-2023-1-e1676382593478.png"><img loading="lazy" decoding="async" class="alignright wp-image-188" src="http://selbsthilfedrei.de/wp-content/uploads/2023/02/Trialogflyer-Sommer-2023-1-e1676382593478-1024x1014.png" alt="Flyer Trialog" width="294" height="291" srcset="https://selbsthilfedrei.de/wp-content/uploads/2023/02/Trialogflyer-Sommer-2023-1-e1676382593478-1024x1014.png 1024w, https://selbsthilfedrei.de/wp-content/uploads/2023/02/Trialogflyer-Sommer-2023-1-e1676382593478-300x297.png 300w, https://selbsthilfedrei.de/wp-content/uploads/2023/02/Trialogflyer-Sommer-2023-1-e1676382593478-768x760.png 768w, https://selbsthilfedrei.de/wp-content/uploads/2023/02/Trialogflyer-Sommer-2023-1-e1676382593478.png 1500w" sizes="auto, (max-width: 294px) 100vw, 294px" /></a>Am Trialog sind Menschen beteiligt, die mit einer psychischen Krise oder Erkrankung bzw. einer<br />
psychiatrischen Behandlung Erfahrung haben. Das können Betroffene, Angehörige und professionelle Helfende sein. Sie kommen zusammen, um einander zuzuhören, miteinander zu sprechen und voneinander zu lernen.</p>
<p>Herzlich eingeladen sind alle Interessierten.</p>
<p><span id="page1R_mcid47" class="markedContent"><span dir="ltr" role="presentation">Für die Teilnahme am Trialog ist keine Anmeldung </span></span><span id="page1R_mcid48" class="markedContent"><span dir="ltr" role="presentation">erforderlich. Die Veranstaltung ist kostenfrei.</span></span><span id="page1R_mcid49" class="markedContent"><br role="presentation" /><span dir="ltr" role="presentation">Teilnahme erst ab 18 Jahren. Die Trialoge des </span></span><span id="page1R_mcid50" class="markedContent"><span dir="ltr" role="presentation">Winterhalbjahrs beginnen am 27. September 2023.</span></span></p>
<p>Flyer:<br />
<a href="http://selbsthilfedrei.de/wp-content/uploads/2023/02/Trialogflyer-Sommer-2023.pdf">Trialogflyer Sommer 2023</a></p>

<p>Am Trialog sind Menschen beteiligt, die mit einer psychischen Krise oder Erkrankung bzw. einer psychiatrischen Behandlung Erfahrung haben. Das können Betroffene, Angehörige und professionelle Helfende sein. Sie kommen zusammen, um [&hellip;]</p>
