{"id":447,"date":"2026-02-19T16:09:49","date_gmt":"2026-02-19T15:09:49","guid":{"rendered":"https:\/\/selbsthilfedrei.de\/?post_type=tribe_events&#038;p=447"},"modified":"2026-03-22T10:09:11","modified_gmt":"2026-03-22T09:09:11","slug":"dresdner-trialog-ausbildung-studium-arbeit-2","status":"publish","type":"tribe_events","link":"https:\/\/selbsthilfedrei.de\/?tribe_events=dresdner-trialog-ausbildung-studium-arbeit-2","title":{"rendered":"Dresdner Trialog: &#8222;Ausbildung &#8211; Studium &#8211; Arbeit&#8220;"},"content":{"rendered":"<p><a href=\"http:\/\/selbsthilfedrei.de\/wp-content\/uploads\/2026\/03\/Trialog2026_Bild.png\"><img loading=\"lazy\" decoding=\"async\" class=\"alignright wp-image-458 size-medium\" src=\"http:\/\/selbsthilfedrei.de\/wp-content\/uploads\/2026\/03\/Trialog2026_Bild-300x300.png\" alt=\"\" width=\"300\" height=\"300\" srcset=\"https:\/\/selbsthilfedrei.de\/wp-content\/uploads\/2026\/03\/Trialog2026_Bild-300x300.png 300w, https:\/\/selbsthilfedrei.de\/wp-content\/uploads\/2026\/03\/Trialog2026_Bild-1024x1024.png 1024w, https:\/\/selbsthilfedrei.de\/wp-content\/uploads\/2026\/03\/Trialog2026_Bild-150x150.png 150w, https:\/\/selbsthilfedrei.de\/wp-content\/uploads\/2026\/03\/Trialog2026_Bild-768x768.png 768w, https:\/\/selbsthilfedrei.de\/wp-content\/uploads\/2026\/03\/Trialog2026_Bild-1536x1536.png 1536w, https:\/\/selbsthilfedrei.de\/wp-content\/uploads\/2026\/03\/Trialog2026_Bild.png 1643w\" sizes=\"auto, (max-width: 300px) 100vw, 300px\" \/><\/a>Am Trialog sind Menschen beteiligt, die mit einer psychischen Krise oder Erkrankung bzw. einer psychiatrischen Behandlung Erfahrung haben. Das k\u00f6nnen Betroffene, Angeh\u00f6rige und professionelle Helfende sein. Sie kommen zusammen, um einander zuzuh\u00f6ren, miteinander zu sprechen und voneinander zu lernen.<\/p>\n<p>Herzlich eingeladen sind alle Interessierten.<\/p>\n<p><span id=\"page1R_mcid47\" class=\"markedContent\"><span dir=\"ltr\" role=\"presentation\">F\u00fcr die Teilnahme am Trialog ist keine Anmeldung\u00a0<\/span><\/span><span id=\"page1R_mcid48\" class=\"markedContent\"><span dir=\"ltr\" role=\"presentation\">erforderlich. Die Veranstaltung ist kostenfrei.<\/span><\/span><span id=\"page1R_mcid49\" class=\"markedContent\"><br role=\"presentation\" \/><span dir=\"ltr\" role=\"presentation\">Teilnahme erst ab 18 Jahren.\u00a0<\/span><\/span><\/p>\n<p>Flyer: <a href=\"http:\/\/selbsthilfedrei.de\/wp-content\/uploads\/2026\/03\/Trialog_Sommer-2026_flyer_korrigiert.pdf\">Flyer Trialog Sommer 2026<\/a><\/p>\n","protected":false},"excerpt":{"rendered":"<p>Am Trialog sind Menschen beteiligt, die mit einer psychischen Krise oder Erkrankung bzw. einer psychiatrischen Behandlung Erfahrung haben. Das k\u00f6nnen Betroffene, Angeh\u00f6rige und professionelle Helfende sein. Sie kommen zusammen, um [&hellip;]<\/p>\n","protected":false},"author":1,"featured_media":0,"template":"","meta":{"_tribe_events_status":"","_tribe_events_status_reason":"","footnotes":""},"tags":[8],"tribe_events_cat":[],"class_list":["post-447","tribe_events","type-tribe_events","status-publish","hentry","tag-trialog"],"blocksy_meta":[],"_links":{"self":[{"href":"https:\/\/selbsthilfedrei.de\/index.php?rest_route=\/wp\/v2\/tribe_events\/447","targetHints":{"allow":["GET"]}}],"collection":[{"href":"https:\/\/selbsthilfedrei.de\/index.php?rest_route=\/wp\/v2\/tribe_events"}],"about":[{"href":"https:\/\/selbsthilfedrei.de\/index.php?rest_route=\/wp\/v2\/types\/tribe_events"}],"author":[{"embeddable":true,"href":"https:\/\/selbsthilfedrei.de\/index.php?rest_route=\/wp\/v2\/users\/1"}],"version-history":[{"count":3,"href":"https:\/\/selbsthilfedrei.de\/index.php?rest_route=\/wp\/v2\/tribe_events\/447\/revisions"}],"predecessor-version":[{"id":461,"href":"https:\/\/selbsthilfedrei.de\/index.php?rest_route=\/wp\/v2\/tribe_events\/447\/revisions\/461"}],"wp:attachment":[{"href":"https:\/\/selbsthilfedrei.de\/index.php?rest_route=%2Fwp%2Fv2%2Fmedia&parent=447"}],"wp:term":[{"taxonomy":"post_tag","embeddable":true,"href":"https:\/\/selbsthilfedrei.de\/index.php?rest_route=%2Fwp%2Fv2%2Ftags&post=447"},{"taxonomy":"tribe_events_cat","embeddable":true,"href":"https:\/\/selbsthilfedrei.de\/index.php?rest_route=%2Fwp%2Fv2%2Ftribe_events_cat&post=447"}],"curies":[{"name":"wp","href":"https:\/\/api.w.org\/{rel}","templated":true}]}}

<p><a href="http://selbsthilfedrei.de/wp-content/uploads/2026/03/Trialog2026_Bild.png"><img loading="lazy" decoding="async" class="alignright wp-image-458 size-medium" src="http://selbsthilfedrei.de/wp-content/uploads/2026/03/Trialog2026_Bild-300x300.png" alt="" width="300" height="300" srcset="https://selbsthilfedrei.de/wp-content/uploads/2026/03/Trialog2026_Bild-300x300.png 300w, https://selbsthilfedrei.de/wp-content/uploads/2026/03/Trialog2026_Bild-1024x1024.png 1024w, https://selbsthilfedrei.de/wp-content/uploads/2026/03/Trialog2026_Bild-150x150.png 150w, https://selbsthilfedrei.de/wp-content/uploads/2026/03/Trialog2026_Bild-768x768.png 768w, https://selbsthilfedrei.de/wp-content/uploads/2026/03/Trialog2026_Bild-1536x1536.png 1536w, https://selbsthilfedrei.de/wp-content/uploads/2026/03/Trialog2026_Bild.png 1643w" sizes="auto, (max-width: 300px) 100vw, 300px" /></a>Am Trialog sind Menschen beteiligt, die mit einer psychischen Krise oder Erkrankung bzw. einer psychiatrischen Behandlung Erfahrung haben. Das können Betroffene, Angehörige und professionelle Helfende sein. Sie kommen zusammen, um einander zuzuhören, miteinander zu sprechen und voneinander zu lernen.</p>
<p>Herzlich eingeladen sind alle Interessierten.</p>
<p><span id="page1R_mcid47" class="markedContent"><span dir="ltr" role="presentation">Für die Teilnahme am Trialog ist keine Anmeldung </span></span><span id="page1R_mcid48" class="markedContent"><span dir="ltr" role="presentation">erforderlich. Die Veranstaltung ist kostenfrei.</span></span><span id="page1R_mcid49" class="markedContent"><br role="presentation" /><span dir="ltr" role="presentation">Teilnahme erst ab 18 Jahren. </span></span></p>
<p>Flyer: <a href="http://selbsthilfedrei.de/wp-content/uploads/2026/03/Trialog_Sommer-2026_flyer_korrigiert.pdf">Flyer Trialog Sommer 2026</a></p>

<p>Am Trialog sind Menschen beteiligt, die mit einer psychischen Krise oder Erkrankung bzw. einer psychiatrischen Behandlung Erfahrung haben. Das können Betroffene, Angehörige und professionelle Helfende sein. Sie kommen zusammen, um [&hellip;]</p>
